{"id":6121,"date":"2025-03-15T18:30:42","date_gmt":"2025-03-15T21:30:42","guid":{"rendered":"https:\/\/abenti.org.br\/Area_Membros\/?page_id=6121"},"modified":"2025-06-05T00:48:08","modified_gmt":"2025-06-05T03:48:08","slug":"educacao-cursos","status":"publish","type":"page","link":"https:\/\/abenti.org.br\/Area_Membros\/educacao-cursos\/","title":{"rendered":"EDUCA\u00c7\u00c3O"},"content":{"rendered":"<div class=\"members-access-error\">\n<h2 style=\"text-align: center\"><strong>\u00c1rea exclusiva para membros<\/strong><\/h2>\n<h5 style=\"text-align: center\"><strong>Desculpe, mas voc\u00ea n\u00e3o tem permiss\u00e3o para visualizar este conte\u00fado.<\/strong><\/h5>\n<h5 style=\"text-align: center\"><strong>Caso seja membro e j\u00e1 tenha o seu login e senha, acesse clicando no bot\u00e3o abaixo.<\/strong><\/h5>\n<p><img class=\"wp-image-5903 aligncenter\" src=\"http:\/\/abenti.org.br\/Area_Membros\/wp-content\/uploads\/2023\/01\/botao-acessar-curso-criar-videos-animados-300x90.png\" alt=\"\" width=\"150\" height=\"45\" \/><\/div>\n","protected":false},"excerpt":{"rendered":"<div class=\"members-access-error\">\n<h2 style=\"text-align: center\"><strong>\u00c1rea exclusiva para membros<\/strong><\/h2>\n<h5 style=\"text-align: center\"><strong>Desculpe, mas voc\u00ea n\u00e3o tem permiss\u00e3o para visualizar este conte\u00fado.<\/strong><\/h5>\n<h5 style=\"text-align: center\"><strong>Caso seja membro e j\u00e1 tenha o seu login e senha, acesse clicando no bot\u00e3o abaixo.<\/strong><\/h5>\n<p><img class=\"wp-image-5903 aligncenter\" src=\"http:\/\/abenti.org.br\/Area_Membros\/wp-content\/uploads\/2023\/01\/botao-acessar-curso-criar-videos-animados-300x90.png\" alt=\"\" width=\"150\" height=\"45\" \/><\/div>\n","protected":false},"author":567,"featured_media":0,"parent":0,"menu_order":0,"comment_status":"closed","ping_status":"closed","template":"","meta":{"footnotes":""},"_links":{"self":[{"href":"https:\/\/abenti.org.br\/Area_Membros\/wp-json\/wp\/v2\/pages\/6121"}],"collection":[{"href":"https:\/\/abenti.org.br\/Area_Membros\/wp-json\/wp\/v2\/pages"}],"about":[{"href":"https:\/\/abenti.org.br\/Area_Membros\/wp-json\/wp\/v2\/types\/page"}],"author":[{"embeddable":true,"href":"https:\/\/abenti.org.br\/Area_Membros\/wp-json\/wp\/v2\/users\/567"}],"replies":[{"embeddable":true,"href":"https:\/\/abenti.org.br\/Area_Membros\/wp-json\/wp\/v2\/comments?post=6121"}],"version-history":[{"count":7,"href":"https:\/\/abenti.org.br\/Area_Membros\/wp-json\/wp\/v2\/pages\/6121\/revisions"}],"predecessor-version":[{"id":6158,"href":"https:\/\/abenti.org.br\/Area_Membros\/wp-json\/wp\/v2\/pages\/6121\/revisions\/6158"}],"wp:attachment":[{"href":"https:\/\/abenti.org.br\/Area_Membros\/wp-json\/wp\/v2\/media?parent=6121"}],"curies":[{"name":"wp","href":"https:\/\/api.w.org\/{rel}","templated":true}]}}